17 - 4aa3a0?
-4aa384
In base 8, what is -257 - 155575?
-156054
In base 15, what is -768 + aad58?
aa5e0
In base 11, what is 2582641 - -2?
2582643
In base 3, what is -10002101111002111 + 0?
-10002101111002111
In base 12, what is -525a3 - 81?
-52664
In base 10, what is 5 - -7933522?
7933527
In base 10, what is 23363211 + -1?
23363210
In base 10, what is 1970 + -759948?
-757978
In base 11, what is 328461 + -195?
328277
In base 9, what is -33061016 + -20?
-33061036
In base 3, what is -1012011 + 101101221?
100012210
In base 10, what is 5 + 349106771?
349106776
In base 10, what is -324 + -73310?
-73634
In base 12, what is -5b9453 - -1?
-5b9452
In base 6, what is 1202052 - 1243?
1200405
In base 10, what is -640568 - 4?
-640572
In base 11, what is 22502 - -1919?
24320
In base 14, what is 2 + -561912?
-561910
In base 15, what is -b4ae5523 - -2?
-b4ae5521
In base 3, what is -10121 + 2020220?
2010022
In base 11, what is -5 - -9790338?
9790333
In base 12, what is -23282 - -aa?
-23194
In base 13, what is 1 - 47981a3?
-47981a2
In base 9, what is -177 - -112343?
112155
In base 13, what is -140 + 10b70?
10a30
In base 10, what is 875 + -222050?
-221175
In base 9, what is -8736035 - -46?
-8735878
In base 16, what is -17 + 118d6?
118bf
In base 6, what is 2340011410 + -2?
2340011404
In base 3, what is -1222202002 - 201?
-1222202210
In base 8, what is -22403237 + -111?
-22403350
In base 4, what is -223 - 2031203001?
-2031203230
In base 11, what is -306 - -134a361?
134a056
In base 11, what is -92 + 86560?
86479
In base 16, what is 3 + -1c53628?
-1c53625
In base 15, what is -8 + -561688d?
-5616896
In base 15, what is a6 + -1d99?
-1ce3
In base 12, what is -435 - -3850a9?
384874
In base 11, what is 94a675 - -3?
94a678
In base 3, what is 2220001211021101 + 0?
2220001211021101
In base 14, what is -c83 + 4937?
3a94
In base 5, what is -1111412331312 + 10?
-1111412331302
In base 4, what is -31 - 1022013210?
-1022013301
In base 6, what is 102301413 - -254?
102302111
In base 5, what is -12440443420 - -4?
-12440443411
In base 16, what is 46 - -377b8?
377fe
In base 2, what is 101000101100111 + -11010?
101000101001101
In base 14, what is 2ad - -464?
733
In base 12, what is 12aa - -2b4b?
4239
In base 6, what is 12005335440 + 1?
12005335441
In base 16, what is bf4 - ccb?
-d7
In base 7, what is 346643426 - 0?
346643426
In base 14, what is -765838 + b?
-76582b
In base 13, what is 1 - 1aa879?
-1aa878
In base 6, what is -12124 - -305053?
252525
In base 16, what is 4f8c - 5a?
4f32
In base 14, what is -4a4b + 99?
-4992
In base 12, what is 13aa - 217?
1193
In base 8, what is 2372 - -12342?
14734
In base 2, what is 1101100011 - 100011111001111?
-100010001101100
In base 9, what is -15043734 - -45?
-15043678
In base 6, what is -150320520 - -22?
-150320454
In base 9, what is 0 - -10460424?
10460424
In base 12, what is 8b3929 + 0?
8b3929
In base 11, what is 150512 + -1102?
14a410
In base 7, what is -6 - 14350514?
-14350523
In base 11, what is -5 - -11624a06?
11624a01
In base 7, what is 5 - -30053022?
30053030
In base 4, what is 101012311 + 1211233?
102230210
In base 15, what is -11d024 - -2?
-11d022
In base 13, what is 1404565 - -63?
14045c8
In base 15, what is -1 + -11c1512?
-11c1513
In base 4, what is 10100021220 + -2?
10100021212
In base 13, what is -6ab552b1 - -4?
-6ab552aa
In base 4, what is -23 - 201223311133?
-201223311222
In base 7, what is 104665 + 10240?
115235
In base 14, what is c4d4 + -4?
c4d0
In base 6, what is -14114201115 + -1?
-14114201120
In base 7, what is -1135014 - -56?
-1134625
In base 6, what is -4143003 - -1305?
-4141254
In base 11, what is 627625 - -14?
627639
In base 9, what is 252320184 - -4?
252320188
In base 8, what is 16066 - -4325?
22413
In base 16, what is -291d5 - 404?
-295d9
In base 2, what is -10001 - -100100000000111000?
100100000000100111
In base 4, what is 230 + 311131003?
311131233
In base 8, what is 4450 + -541615?
-535145
In base 12, what is 3 + 2a47b56?
2a47b59
In base 7, what is -6 + -3305?
-3314
In base 15, what is -4 + 1db888e?
1db888a
In base 5, what is 1021011321 - 4?
1021011312
In base 16, what is -bc1 + 49963?
48da2
In base 6, what is 114104440 - -15?
114104455
In base 9, what is -556 - -10480?
8823
In base 6, what is -22245042 - -13?
-22245025
In base 12, what is -17555 - -383?
-17192
In base 16, what is -29 - 20509?
-20532
In base 15, what is -16 - 6b226?
-6b23c
In base 9, what is 2 - -84151663?
84151665
In base 4, what is -3210 - -30003330?
30000120
In base 8, what is 1521 + 1565033?
1566554
In base 6, what is -13 + -233142125?
-233142142
In base 12, what is 3b90b85 + -1?
3b90b84
In base 10, what is -147478 - 35?
-147513
In base 10, what is -2 - -12398995?
12398993
In base 4, what is -101033 - -212121322?
212020223
In base 15, what is 6e73d2 + -138?
6e7299
In base 4, what is 2013322 + 311101?
2331023
In base 16, what is -572a97d + 0?
-572a97d
In base 15, what is -4 + e64896?
e64892
In base 10, what is 3771645 - -4?
3771649
In base 8, what is -11732302 - 64?
-11732366
In base 7, what is 5 + -6306261103?
-6306261065
In base 2, what is 1011100100100011100 + 101101110001?
1011101010010001101
In base 16, what is -2 + -2b49ed4?
-2b49ed6
In base 10, what is 6 - -7952268?
7952274
In base 10, what is 37910 - -7594?
45504
In base 8, what is -25434453 + -34?
-25434507
In base 7, what is -41 - -6263541?
6263500
In base 11, what is a + -635539?
-63552a
In base 10, what is -24 + 823225?
823201
In base 11, what is -1a0 + 9aa61?
9a871
In base 14, what is 270b30c3 - -1?
270b30c4
In base 4, what is -223133001200 - 11?
-223133001211
In base 16, what is -2 - 20e29f8?
-20e29fa
In base 3, what is -10220022002 - 22210101?
-11020002110
In base 14, what is b7 + -101982c?
-1019755
In base 12, what is -9 - 6a1379?
-6a1386
In base 3, what is 2211220000202 - -102?
2211220001011
In base 14, what is 3a1a4 - -38?
3a1dc
In base 13, what is 35328322 - 0?
35328322
In base 13, what is -7b16a661 - -2?
-7b16a65c
In base 9, what is 7257 - -157066?
165334
In base 11, what is a42787 - 2?
a42785
In base 13, what is 125174a + 5?
1251752
In base 13, what is 80011cb - -1?
80011cc
In base 11, what is 33 - -a4715?
a4748
In base 12, what is -1 - 10429b04?
-10429b05
In base 8, what is 25640350 - 15?
25640333
In base 12, what is 2 + -79173b2?
-79173b0
In base 10, what is 4 - 400071?
-400067
In base 5, what is 3 + 1234033231?
1234033234
In base 7, what is 2163141 - 104?
2163034
In base 10, what is 48 + 179277?
179325
In base 14, what is 4 + 16777?
1677b
In base 9, what is -28833187 - -1?
-28833186
In base 9, what is 20344217 - -4?
20344222
In base 14, what is 1d7133d + -3?
1d7133a
In base 10, what is 252945222 - 5?
252945217
In base 15, what is 4c4 - 8dea?
-8926
In base 13, what is -a530 + -1a?
-a54a
In base 7, what is 4 - 54206105?
-54206101
In base 7, what is 23014 - 60100?
-34053
In base 2, what is -1110001100110100001001 - 11001000?
-1110001100110111010001
In base 10, what is -5699912 - 0?
-5699912
In base 13, what is -22 - 14c081?
-14c0a3
In base 13, what is -27c01 - 134?
-28035
In base 14, what is -3 - 47690?
-47693
In base 6, what is 233400050 - 0?
233400050
In base 11, what is -98 - 1a928a?
-1a9377
In base 7, what is -102564026 + 5?
-102564021
In base 12, what is -6340b - 46?
-63455
In base 10, what is 30984 - 462?
30522
In base 3, what is 2012010121000 - 1?
2012010120222
In base 9, what is -20417780 + -2?
-20417782
In base 2, what is -1000111000 + -11000010011111?
-11001011010111
In base 6, what is -50013112 + 50?
-50013022
In base 6, what is -1343424 - 41115?
-1424543
In base 2, what is -10101010001010100 + -11111?
-10101010001110011
In base 10, what is -106290 - -30?
-106260
In base 15, what is -1300a + 3?
-13007
In base 12, what is -56a4 + -1626?
-710a
In base 6, what is -15 + 54510100?
54510041
In base 6, what is 1244 - -35210155?
35211443
In base 12, what is -16898 - 125?
-16a01
In base 8, what is -56 + 6216363?
6216305
In base 7, what is 20500 + -40203?
-16403
In base 9, what is -10651576 - 5?
-10651582
In base 3, what is 2 + -220011221001210?
-220011221001201
In base 16, what is 12462b - -1a?
124645
In base 6, what is 1132051145 - 115?
1132051030
In base 4, what is -3310102 + -2332202?
-12302310
In base 6, what is -1234100 + 444?
-1233212
In base 12, what is 29 + 349345?